9 a prime number?
True
Is 190159397 composite?
True
Is 253224211 a prime number?
True
Is 17071896899 a prime number?
False
Is 243166307 a composite number?
False
Is 30691972921 composite?
False
Is 7826348923 prime?
False
Is 1949273983 a prime number?
False
Is 12621268441 composite?
False
Is 2230845127 a composite number?
True
Is 1100975963 prime?
True
Is 78856577 prime?
False
Is 33450714113 composite?
True
Is 6574021655 a prime number?
False
Is 32560981627 a prime number?
False
Is 39405331111 a prime number?
True
Is 24738903677 composite?
False
Is 15538422329 a prime number?
False
Is 768799157 a composite number?
True
Is 23801160869 composite?
True
Is 7942676173 a composite number?
True
Is 53991318121 a composite number?
True
Is 118779218 composite?
True
Is 11260016107 a prime number?
False
Is 27568391447 prime?
True
Is 3241771817 composite?
False
Is 1073760929 a composite number?
True
Is 21874175431 a composite number?
False
Is 785312405 prime?
False
Is 699746701 prime?
False
Is 4314587509 composite?
False
Is 301011001 a composite number?
False
Is 24998057647 a prime number?
False
Is 131892611107 composite?
True
Is 342316931 a composite number?
True
Is 1572260959 a prime number?
True
Is 26162930723 a composite number?
True
Is 35648256279 composite?
True
Is 784696343 prime?
False
Is 12986547619 a prime number?
False
Is 1367540441 composite?
False
Is 1266091637 prime?
False
Is 4134835949 a composite number?
False
Is 388927481 prime?
True
Is 1198932629 a composite number?
True
Is 36701060315 composite?
True
Is 5348629771 a prime number?
False
Is 102117623113 a composite number?
True
Is 1059326707 a composite number?
True
Is 241046951 composite?
False
Is 48716081 prime?
True
Is 10154679013 composite?
True
Is 782030713 composite?
True
Is 160553339 a prime number?
True
Is 327486203 composite?
True
Is 3156091999 a prime number?
False
Is 85604807 a prime number?
True
Is 7153397959 composite?
True
Is 1802880319 composite?
False
Is 127217674861 a prime number?
False
Is 27637331129 composite?
True
Is 36932173 a prime number?
True
Is 45968947 a prime number?
True
Is 4670561971 prime?
True
Is 359571791 a prime number?
False
Is 1462363583 a prime number?
False
Is 85570339 composite?
True
Is 38097641 a composite number?
True
Is 2518235351 a prime number?
False
Is 3781200547 a composite number?
False
Is 3507409489 a prime number?
False
Is 3452737229 a composite number?
False
Is 501952123 composite?
True
Is 42030875597 composite?
True
Is 5162499763 prime?
True
Is 131426287 a composite number?
True
Is 7306207 prime?
True
Is 609042197 composite?
False
Is 141594553 prime?
False
Is 12589042489 a prime number?
False
Is 267661109 prime?
True
Is 6702628589 prime?
True
Is 10600437469 composite?
False
Is 1332850733 composite?
False
Is 6104455381 composite?
True
Is 3622988131 a prime number?
False
Is 46567664799 composite?
True
Is 35438439431 prime?
True
Is 69784447 prime?
True
Is 11344217321 prime?
False
Is 5215344071 composite?
True
Is 80170558381 composite?
True
Is 6723571241 a prime number?
True
Is 264605295563 prime?
False
Is 47761741 prime?
False
Is 11623885381 composite?
False
Is 30138709351 a composite number?
False
Is 17905214783 a composite number?
False
Is 249172841 a composite number?
True
Is 141496829 prime?
False
Is 92056141913 composite?
True
Is 125179553 a composite number?
False
Is 4627729023 prime?
False
Is 30445062371 prime?
True
Is 7033801769 prime?
False
Is 1256924027 prime?
True
Is 484992187 a composite number?
False
Is 50249948087 a prime number?
False
Is 2371707829 a prime number?
False
Is 66920663 a prime number?
False
Is 170933819533 prime?
False
Is 32784165839 a composite number?
True
Is 6005834651 a composite number?
False
Is 15406613099 a composite number?
True
Is 440414027 prime?
True
Is 3840582961 a prime number?
False
Is 3907324007 prime?
True
Is 181576645379 a prime number?
True
Is 107363749 prime?
False
Is 2471748467 prime?
False
Is 284227397 a composite number?
True
Is 114859458253 composite?
True
Is 1193211287 prime?
False
Is 5622140663 prime?
True
Is 9946585591 composite?
False
Is 33655832803 a composite number?
True
Is 6789879601 a prime number?
True
Is 471262943 prime?
False
Is 158031997 prime?
False
Is 17059408711 composite?
False
Is 22589969669 composite?
True
Is 2779236013 a prime number?
False
Is 8284163417 composite?
True
Is 5067828281 prime?
True
Is 1913047681 a prime number?
True
Is 5259763423 composite?
True
Is 965657183 prime?
True
Is 17848554917 composite?
True
Is 15177539297 prime?
True
Is 7467520805 composite?
True
Is 2888639893 prime?
False
Is 2474789683 composite?
False
Is 15930090481 composite?
False
Is 18863544877 prime?
True
Is 213275359 a composite number?
True
Is 482294213 prime?
False
Is 43529729 composite?
False
Is 2085895141 composite?
True
Is 77137429 a composite number?
True
Is 635450203 composite?
False
Is 118329128323 prime?
False
Is 1768824839 composite?
False
Is 12809259823 a prime number?
False
Is 484253207 composite?
False
Is 2732323799 a composite number?
False
Is 1275182653 a prime number?
False
Is 3839226313 a prime number?
False
Is 5706210539 a composite number?
False
Is 259248643 a composite number?
True
Is 1733247745 prime?
False
Is 610401203 a composite number?
False
Is 970533559 prime?
False
Is 119501064247 a prime number?
True
Is 39960140189 a prime number?
True
Is 19338466541 prime?
False
Is 4830131849 prime?
False
Is 541758557 prime?
True
Is 58907351843 prime?
True
Is 43800812963 a composite number?
True
Is 9120892073 a prime number?
False
Is 3359261747 prime?
True
Is 10818941017 a prime number?
True
Is 292334527 composite?
False
Is 119877283 composite?
True
Is 1633425887 a composite number?
True
Is 27391232927 a prime number?
True
Is 867535507 prime?
True
Is 1532744209 a prime number?
True
Is 3961274339 prime?
False
Is 215284121 a composite number?
True
Is 98151407 composite?
False
Is 2499944389 a prime number?
True
Is 364446221 prime?
False
Is 3787863231 a prime number?
False
Is 729516509 a prime number?
True
Is 2483089681 composite?
False
Is 4668632653 a prime number?
False
Is 1231641239 composite?
False
Is 214782457919 prime?
True
Is 18864890971 a prime number?
True
Is 1949327153 a prime number?
False
Is 3110725133 a composite number?
True
Is 847916813 composite?
False
Is 208752749 prime?
False
Is 11968108333 composite?
False
Is 3835243259 prime?
False
Is 401710519 a composite number?
True
Is 9900071578 a composite number?
True
Is 2479188211 a composite number?
True
Is 6835391747 prime?
True
Is 2050343093 a composite number?
False
Is 13149112283 a prime number?
True
Is 1366282329 a prime number?
False
Is 87346670753 prime?
True
Is 148681153 a prime number?
True
Is 476314019 prime?
False
Is 22642825451 a prime number?
True
Is 7975207337 composite?
False
Is 2457174767 prime?
True
Is 2439142001 composite?
False
Is 18601699141 composite?
True
Is 1223431691 prime?
True
Is 585988903 a composite number?
True
Is 1061986219 a prime number?
False
Is 355311163 a prime number?
True
Is 1195125791 a prime number?
True
Is 558464371 a composite number?
True
Is 8686053821 a composite number?
False
Is 2225371963 a composite number?
True
Is 757087159 a prime number?
False
Is 14553680741 a composite number?
True
Is 59655724669 a prime number?
True
Is 2144241971 a prime number?
True
Is 12314202979 a composite number?
True
Is 2195538689 prime?
True
Is 44432011 a composite number?
True
Is 1329787819 a prime number?
True
Is 98237805241 a prime number?
True
Is 70454782927 a prime number?
True
Is 84736648454 composite?
True
Is 4203592721 prime?
False
Is 627741077 a composite number?
False
Is 22461345427 a prime number?
False
Is 609365761 a prime number?
False
Is 26208397 a composite number?
False
Is 4588510061 a composite number?
False
Is 196716952391 a prime number?
True
Is 39817457411 a composite number?
False
Is 102020419 prime?
True
Is 95502349821 a prime number?
False
Is 754425653 composite?
True
Is 50984280427 composite?
False
Is 46463969 composite?
True
Is 352364371 a composite number?
False
Is 25710794449 a prime number?
True
Is 197311471 prime?
False
Is 424832816413 prime?
False
Is 1874527937 a composite number?
False
Is 155469687 composite?
True
Is 1627918087 composite?
False
Is 334132387 a compos